j - -3. Calculate the greatest common divisor of 2 and q.
1
Let v = -18 + 8. Suppose 7*d - 4*d + 66 = 0. Let i = v - d. What is the highest common divisor of i and 132?
12
Suppose -8*f = -5*f - 12. Let u(s) = 2*s + 3. Let n be u(f). What is the highest common divisor of n and 121?
11
Suppose 348 = -0*u + 4*u. Calculate the greatest common divisor of u and 58.
29
Let v be (2/4)/(2/12). Suppose 2*u + 16 = 3*x, -v*u = -2*x + 2 + 2. Suppose -2*i + x = -k - 1, -3*i + k = -14. Calculate the greatest common factor of 25 and i.
5
Let y(o) = -o + 10. Let j be y(5). Let k(i) = 5*i - 5. Let b be k(j). Calculate the highest common divisor of b and 2.
2
Suppose l + 8 = 2*l. Calculate the greatest common factor of l and 12.
4
Let q be 1 + (-3 + 3)/(-2). Let s(v) = 2*v**3 - 2*v**2 + 2*v - 1. Let l be s(1). What is the greatest common factor of l and q?
1
Let p(u) = -8*u + 6. Let h be p(-5). Suppose 4*d - 214 + h = 0. Let f(j) = -j**2 + 8*j - 1. Let z be f(5). Calculate the greatest common factor of z and d.
14
Let q be -5 - (4 - 3)*-1. Let u be 3/12 + (-23)/q. Suppose 2*i + 2*y = 6, 5*i + y - 6 = 5*y. What is the greatest common divisor of u and i?
2
Let t = -4 - -4. Suppose 2*f + 4 + 12 = t. Let m be (-2 - f/6)*-3. What is the greatest common factor of 8 and m?
2
Let l be 2 + (3 - 2)*-1. Let y be (3 + -2)/(3/9). Calculate the highest common divisor of l and y.
1
Let g be (-6)/4 + 30/20. Let a = 5 - g. Calculate the greatest common factor of a and 5.
5
Let q = 53 - -15. What is the greatest common factor of q and 17?
17
Let c(d) = d**3 + 5*d**2 + 3*d + 2. Let b be c(-4). What is the highest common divisor of 30 and b?
6
Suppose -g - 5*l = -10, 4*g + l + 0*l = 21. Suppose -56 = -j + d, 0*j + 223 = 4*j - 3*d. Calculate the highest common divisor of g and j.
5
Let r = -27 - -47. Let d = r + -11. Calculate the highest common divisor of 36 and d.
9
Let k = 13 + -1. Let b(s) = -2*s**2 - 16*s - 8. Let o be b(-7). Calculate the greatest common factor of o and k.
6
Suppose 4*r - 155 = -35. Suppose -5*q + q + o = -62, -q = -2*o - 19. What is the highest common factor of q and r?
15
Let z(s) = -s - 4. Let x be z(-7). Calculate the greatest common factor of x and 21.
3
Let i be ((-32)/(-6))/(1/3). Let z(w) = w**3 - 31*w**2 - 31*w + 8. Let b be z(32). What is the highest common divisor of i and b?
8
Let u(j) = -13*j - 3. Let k be u(-2). Let p = 610 - 357. What is the highest common factor of k and p?
23
Let u = 15 + 1. Let i be (2 + 14)*(-2)/(-2). What is the highest common factor of u and i?
16
Suppose 0 = 4*k - 4, 3*m + m + 5*k = 197. Suppose -41 = -5*j - 11. Calculate the highest common factor of j and m.
6
Suppose 3*m + 0*m - 6 = 0. Suppose -u - 7 = -v, 3*v + 3*u = -2*u + 53. Suppose v + 1 = m*g. Calculate the highest common divisor of g and 48.
6
Suppose -z = -0*z - 3. Suppose z*n - 34 = -10. Suppose -u = -n - 4. What is the highest common factor of 12 and u?
12
Let d(o) = -7*o + 2 + 19*o + 1 + 2. Let r be d(6). What is the highest common factor of 11 and r?
11
Suppose -5*b = -3*b - 50. Suppose -b + 91 = 2*c. Calculate the highest common factor of c and 99.
33
Let h be (-4)/(-5) - 1263/(-15). What is the greatest common factor of h and 17?
17
Suppose 4*y - 3 - 13 = 0. Suppose 15 = -3*u, 3*f + u = y*f - 19. Suppose 0 = 3*x - 4*x + f. What is the greatest common divisor of x and 2?
2
Let a(l) = l**3 + 13*l**2 + 7*l + 12. Let x = -21 + 9. Let s be a(x). Calculate the highest common factor of s and 9.
9
Let m(z) = z**2 + 7*z + 16. Let p be m(-8). What is the highest common divisor of p and 6?
6
Let d = 25 - 12. Suppose -2*v = v - 12. Let w be 8*(18/v - -2). What is the highest common factor of w and d?
13
Suppose g = 3*g - 168. Let a be (-9)/4*(-96)/18. Calculate the highest common factor of a and g.
12
Suppose 32 = 3*s - 5*r, s + 21 = 3*s - 3*r. Suppose v - 3 = -0*v. Calculate the highest common factor of v and s.
3
Suppose 4*r = -l + 3*r + 124, 3*l - 397 = 2*r. Suppose -91 = -2*v + l. What is the greatest common divisor of v and 10?
10
Let y be 12*(1 + 2)/9. What is the greatest common factor of 4 and y?
4
Suppose 0 = 3*n - 2*a - 56, 2*a = 2*n + 4*a - 34. Calculate the highest common factor of 18 and n.
18
Suppose 0 = -0*c - 4*c + 48. Let g = 39 - c. Let d be (88/(-6))/((-6)/g). Calculate the greatest common divisor of 11 and d.
11
Suppose -7*l = -2*l - 105. Let y(j) = -39*j + 12. Let c be y(-4). What is the highest common divisor of c and l?
21
Let v = -25 - -50. Suppose -5*u = 3*p + v, u = -4*p - 14 - 8. Let w be 1/(p/6 - -1). What is the greatest common factor of w and 24?
6
Let c = -21 + 30. Calculate the highest common factor of c and 45.
9
Suppose x - 4*n - 17 = -n, 0 = 2*x + 3*n - 43. Calculate the highest common divisor of x and 20.
20
Suppose 18 - 8 = 5*n. Suppose 9 = -3*z + 4*z + k, -3*z - 5*k = -35. Suppose -4*l - 1 = -z. Calculate the highest common factor of l and n.
1
Let q = -105 - -175. What is the highest common divisor of 14 and q?
14
Let v(q) = -q**2 + 7*q - 1. Let o be v(6). Let n be (-1 + (-9)/(-6))*0. Let j = n + 5. What is the greatest common divisor of o and j?
5
Let x(j) = 2*j**2 - 7*j + 15. Let i(w) = w**2 - 4*w + 7. Let k(v) = -7*i(v) + 3*x(v). Let l be k(6). Calculate the highest common divisor of l and 2.
2
Suppose -2*s - 23 = -3*i, 5*s + 4 = -2*i - 6. Suppose 19 = 3*v + i*b, -3*v = 2*b - 5*b - 27. Let c = -16 + 24. What is the highest common factor of c and v?
8
Suppose 0 = 5*j - 3*j. Suppose -l + j = -2. Suppose -34 + 306 = l*t. Calculate the highest common divisor of 17 and t.
17
Let v be (-20)/(-3) - 2/3. Let k(f) = 2*f**3 - 7*f**2 - 2*f - 3. Let c be k(v). Suppose 34 = 5*i - 41. Calculate the highest common factor of i and c.
15
Let t be 2 + -8*(-2)/1. Let f = 33 - t. Calculate the greatest common divisor of f and 15.
15
Suppose 2*v + 1 = -0*v + 5*c, -5*c - 11 = 2*v. Let w = v - -3. Suppose r = a - 5, w = 3*a - 5*a - 4*r + 40. Calculate the greatest common factor of 30 and a.
10
Let u(w) = -w**2 + 7*w + 8. Suppose 0 = g + 3*q - 4*q - 15, 0 = -g - 4*q. Let t be (4/5)/(g/90). Let n be u(t). Calculate the greatest common factor of n and 2.
2
Let q be 0/(-3 - (-2 - 0)) + 315. Calculate the greatest common divisor of q and 45.
45
Let j be (-28)/(-5) + 4/10. Let s be 384/40 + (-12)/20. What is the greatest common divisor of s and j?
3
Suppose 0 = -14*s + 12*s + 220. What is the highest common factor of s and 10?
10
Let w be 6/1 + (-2 - -2). Let t be 73/w - 6/36. Suppose -q + 4*q + 4*r - 44 = 0, 4*q - 3*r = 42. Calculate the highest common divisor of t and q.
12
Suppose 0 = j - 11*j + 130. Calculate the greatest common factor of j and 52.
13
Suppose -13*f + 14*f = 14. Suppose -g - 5 = -2*g, -2*d + 303 = -g. Calculate the greatest common divisor of f and d.
14
Suppose 4*m - 80 = -m. Suppose 67 = -10*i + 307. Calculate the highest common factor of i and m.
8
Let f(i) = -i + 5. Let d = 0 - 6. Let v be f(d). Let m = 1 + v. Calculate the highest common factor of 18 and m.
6
Let j = 29 - 25. Let i be j/30 - 1434/(-45). Calculate the greatest common divisor of i and 4.
4
Let d = 16 + -9. Let c be d/((-6)/9 - -1). Suppose -1 = -3*w + 8. What is the highest common factor of c and w?
3
Let h be 6/4 + 21/6. Suppose -2*w = -h*p + 114 + 21, p - 5 = 0. Let j = 87 + w. Calculate the greatest common factor of 4 and j.
4
Let j = 0 - 4. Let b be (-9010)/(-15) + j/6. Let v = b + -413. Calculate the greatest common divisor of v and 17.
17
Suppose -3*n - t = -2*n - 6, 3*n = -t + 10. Suppose -n*y - y = -18. Suppose 0 = -5*j - 0*j + 30. What is the greatest common divisor of j and y?
6
Let x(g) = 5*g**2 - 6*g - 5. Let r be x(5). Let t = -79 + 89. Calculate the highest common divisor of t and r.
10
Let y(c) = c - 8. Let w be y(5). Let q(j) = -2*j - 10. Let s be q(-7). Let t be (s/w)/(4/(-18)). Calculate the highest common divisor of t and 15.
3
Let z be ((-36)/(-63))/(2 + 12/(-7)). What is the greatest common divisor of z and 4?
2
Suppose -3*q + 270 + 135 = 0. Calculate the greatest common divisor of 54 and q.
27
Let c be (-2)/(-6) - (-17)/3. Let m(a) = 3*a**2 + 8*a + 6. Let l be m(-6). Calculate the greatest common divisor of c and l.
6
Suppose -g = -a - 10, -2*g - a + 40 = 2*g. Let l = -10 + 17. Let h be 5*(2 - 0)*l. What is the highest common divisor of h a